 -2, -3*i = y*q + 6 - 20. What are the prime factors of i?
2
Let d be 1/(-1 - (-565)/570). Let o = 3 - -3. List the prime factors of (1 - 2)/(o/d).
19
Let g(a) = -a**3 - 10*a**2 - 10*a + 11. List the prime factors of g(-9).
2, 5
Suppose 0*m + 21 = 3*m. Let y(p) = -3*p + 4. Let r(c) = 4*c - 6. Let k(a) = -5*r(a) - 7*y(a). What are the prime factors of k(m)?
3
Suppose 0 = -4*s - 3 + 27. Let w = -10 + s. Let x = 6 + w. List the prime factors of x.
2
Let h be (2/4)/((-1)/10). Let q be ((-6)/(-4))/(3/2). List the prime factors of -10*(-1 - q/h).
2
Suppose -5*d - 3 - 10 = -3*u, 2*u - 9 = 3*d. Suppose -10 = -5*v, 3*v + 0 = 4*n - u. Suppose 5*o = -n*r + 17, -3*r + 13 = -o + 2. List the prime factors of r.
2
Let d = -5 - -3. List the prime factors of 6 + (-3 - d) + -1.
2
Let f(i) be the first derivative of -i**2 + 4*i - 1. List the prime factors of f(-4).
2, 3
Suppose 0*f = 2*f - 30. List the prime factors of f.
3, 5
Let k(l) = 7*l - 5. List the prime factors of k(6).
37
Let l = -139 + 195. What are the prime factors of l?
2, 7
Let b = 8 + 0. What are the prime factors of b?
2
Suppose 3 + 0 = u. Suppose 2*k = 7 + u. Suppose 0*n = -k*n + 25. List the prime factors of n.
5
Suppose 2*b + 0 - 6 = 0. Let z be 1 + -1*b - -47. Suppose -g = 4*g - z. What are the prime factors of g?
3
Suppose 0 = 5*r + 2 - 17. Suppose 10 = p - r. List the prime factors of p.
13
Suppose -51 = -2*b + 5. Suppose -j - b = -5*j. Suppose 0*x - x = -j. What are the prime factors of x?
7
Suppose -3*h = h. Suppose -f + h*f = -9. Let r = f + -2. List the prime factors of r.
7
Let f(j) = -j + 3. Let d(v) = 2*v + 7. Let c be d(-5). What are the prime factors of f(c)?
2, 3
Suppose -25 = 2*s + 5*k, -s = -5*k + 4 + 16. Let z be 1/((s/(-12))/5). Suppose 0 = z*d + 3*w + 8 - 45, 5*d - 55 = 5*w. List the prime factors of d.
2, 5
Let p be 3/(-4) + 161/28. Suppose -2*q + 59 = 3*q - l, p = 5*l. List the prime factors of q.
2, 3
Let b(l) = -l + 5. Let x be b(5). Suppose 0*u + u - 49 = x. What are the prime factors of u?
7
Let f(c) be the third derivative of c**4/8 - 5*c**3/6 - 2*c**2. What are the prime factors of f(7)?
2
Let m(v) = 12*v - 12. What are the prime factors of m(7)?
2, 3
Suppose -2*v - 3*n + 150 = 3*v, -2*n = 10. List the prime factors of v.
3, 11
Let c be 5/(-2) - 1/(-2). Let a = c - -31. List the prime factors of a.
29
Let p = 4 - 2. Suppose 0 = u - p*u + 9. List the prime factors of u.
3
Let z(n) = n**3 - 4*n**2 - 5. Let k be z(4). Let a(q) = q**2 + 5*q + 6. What are the prime factors of a(k)?
2, 3
Let m = 14 + -9. Suppose 2 = -0*x - x. Let c = m + x. What are the prime factors of c?
3
Let a(t) = t**2 - t + 1. Let b(y) = -y**3 - 5*y**2 - 7*y - 1. Let j(m) = -a(m) + b(m). Let d be j(-5). Suppose 6*p - d*p - 30 = 0. List the prime factors of p.
2, 5
Suppose 4*q - 3 - 5 = 0. Suppose 9 = q*i + 3*v - 30, -4 = -4*v. List the prime factors of i.
2, 3
Let b(w) be the third derivative of 0*w + w**2 + 1/24*w**4 + 0 + 1/6*w**3. List the prime factors of b(7).
2
Suppose -n + 4*n - 6 = 0. Suppose -n = -4*v + 10. Suppose -v*s + 12 = -s. What are the prime factors of s?
2, 3
Let o be (-20)/(-8)*12/10. Suppose -4*h + 7*h + 45 = 3*i, -h + o*i = 7. Let r = h + 30. What are the prime factors of r?
11
Suppose 4*f - 3 = 5. List the prime factors of (5/2)/(f/4).
5
Let m = -24 - -35. Let n = m - 7. Suppose -3*o = -17 - n. List the prime factors of o.
7
Suppose 5*r - 20 = -4*u, -r = 3*u - 2 - 13. Let w = -5 - -3. Let o = u + w. What are the prime factors of o?
3
Let s(z) = 3*z**2 - 6*z + 10. What are the prime factors of s(4)?
2, 17
Let c(n) = 7*n**2 - 3*n + 11. What are the prime factors of c(-5)?
3, 67
Let b = 1 - -1. Suppose 6*m - m = 5, -x + b*m = -3. Suppose -5*k + 67 = c, -x*k + 25 = 3*c - 36. List the prime factors of k.
2, 7
Suppose -1 = -i + 17. Suppose -l - 2 = -i. What are the prime factors of l?
2
Let y(t) = t**3 - t + 1 - 2*t - 4*t**2 + 2*t - 2. What are the prime factors of y(5)?
19
Suppose y - 14 = -4*z - 0*y, -z + 4*y - 5 = 0. Let t(h) = 13*h + 10. Let s be t(4). Suppose 0 = -z*p + s + 4. What are the prime factors of p?
2, 11
Let l = -1 + 13. List the prime factors of l/2 + 5 + -7.
2
Let g(t) = 6*t**2 + 2*t + 2. Let o be g(-2). Let c = o + -10. List the prime factors of c.
2, 3
Suppose 4*p + 11 + 3 = -i, 5*i = -5*p - 85. Let a = -26 - -16. Let m = a - i. What are the prime factors of m?
2
Suppose 4*f - 275 = 5*x - 32, 2*f - 4*x = 114. List the prime factors of f.
67
Suppose -4*r = -2*a + 610, r = a + 72 - 376. What are the prime factors of a?
3, 101
Let v(m) = m**3 + 3*m**2 - 2. Let u be v(-4). Let y = u - -28. List the prime factors of y.
2, 5
Let o be -10*(8/2 - 3). Let y = -8 - o. List the prime factors of y.
2
Suppose -2*z + 4*a = -30, -5*z + 20 = a - 0*a. Suppose 3*h + 4 = 2*p, -2*h - 21 = -z*p - 0. What are the prime factors of p?
5
What are the prime factors of (-4 - -21)/(((-6)/(-10))/3)?
5, 17
Let l = 118 - 61. What are the prime factors of l?
3, 19
Let b = 208 - 99. List the prime factors of b.
109
Suppose 2*i + 0*b - 5*b = 60, -3*b - 12 = 0. What are the prime factors of i?
2, 5
Let p(i) = i**3 + i**2 + 6. Let m be p(0). Suppose -m*f + 92 = -2*f. What are the prime factors of f?
23
Suppose -5*x + 181 = 1. What are the prime factors of x?
2, 3
Suppose -29 = 5*p + 3*m, -6*p - 1 = -2*p - 5*m. Let b = 7 + p. What are the prime factors of b?
3
Let s = 409 + -245. What are the prime factors of s?
2, 41
Let a(y) = -19*y**3 + 2*y**2 + 2*y + 1. What are the prime factors of a(-1)?
2, 5
Let p(j) = -j**3 - 11*j**2 - 10*j + 15. List the prime factors of p(-10).
3, 5
Suppose -w + 3*z - 14 = -2*z, 4*w - z + 132 = 0. Let o = 6 + -62. Let c = w - o. List the prime factors of c.
2, 11
Let k be (-40)/(-12) - 4/(-6). Suppose -r + k = 7. List the prime factors of (-1)/r - 69/(-9).
2
Let n(l) = l**3 + l**2. Let m(d) = 18*d**3 + 5*d**2 + d - 1. Let w(o) = m(o) - 4*n(o). Let h be 5/4 + (-3)/12. What are the prime factors of w(h)?
3, 5
Let q = -12 - -17. List the prime factors of -5*q/(75/(-12)).
2
Let w be (-8)/(-6)*12/(-8). Let o(j) = -8*j - 4. What are the prime factors of o(w)?
2, 3
Suppose -m - 14 = -y + 40, -3*m + 2*y - 163 = 0. Let j = -37 - m. What are the prime factors of j?
2, 3
Let y(a) = a**2 - a - 8. Let r be y(8). Suppose 2*j - r = -j. Suppose -3*s + j = 2*t, -s - s + 10 = t. What are the prime factors of t?
2
Suppose -2*c = -207 - 77. List the prime factors of c.
2, 71
Suppose 2*x + 5*f = 44, -x = -2*x - 5*f + 27. What are the prime factors of x?
17
Let r = 15 + 3. List the prime factors of r.
2, 3
Let h(x) = 2*x + 2. Let r(v) = -3 - 2*v + 3*v + 0. Let l be r(6). What are the prime factors of h(l)?
2
Suppose 2*u + 5 = 1. List the prime factors of -3 + 2 + 14 - u.
3, 5
Suppose -2*l + 4*s + 110 = 0, 3 = s - 0. What are the prime factors of l?
61
What are the prime factors of 1 - ((-2 - (1 + -1)) + -33)?
2, 3
List the prime factors of (-4)/(-1)*(-1 - (-333)/12).
107
Suppose 5*o = -4*k + 165, -9 = -o + 2*k + 2*k. Let r = o + -17. What are the prime factors of r?
2, 3
Suppose 0 = -9*i + 10*i - 124. What are the prime factors of i?
2, 31
Suppose 0 = -4*k + k. Suppose k = v - 0*v - 1. What are the prime factors of v/(-4) + 261/36?
7
Let g(k) = k - 12. List the prime factors of g(16).
2
Suppose -3*k + 11 = -4*x, k - 4*x - 7 - 2 = 0. Let l = 19 + k. Suppose -2*f - 3*b + 25 = -11, 0 = 5*b - l. What are the prime factors of f?
2, 3
Let v(i) = -i**3 + 3*i - 1. Let l be v(2). Let h = l + 3. Suppose s + 2*s - 6 = h. List the prime factors of s.
2
Suppose 5*f + j + 17 + 14 = 0, -3*f - 2*j = 20. Let b(q) = -3*q + 3. List the prime factors of b(f).
3, 7
Let s = -4 - -6. What are the prime factors of 1/s + 39/6?
7
Suppose 4*q - 5*b + 0 = -4, q + 2*b - 12 = 0. Let v be (-22)/(-8) + 1/q. Suppose -v*x - 11 = -4*x. List the prime factors of x.
11
Let w = 13 + -7. Let i be (2/3)/(4/w). List the prime factors of (1 - 2)*i - -11.
2, 5
Let z(f) = -2*f + 3. Let w be 3/(-12) - (-3)/12. What are the prime factors of z(w)?
3
Let b(i) = i + 1. Let y be b(-1). Suppose 4*v + 4*d = 44, 2*v + 6*d - 2*d - 26 = y. What are the prime factors of v?
3
Suppose -3*l + 167 = -5*i, -l + 135 = -3*i - i. Let k = i + 50. What are the prime factors of k?
2
Suppose 0 = -k - 5*b + 209, 5*k + 3*b = b + 976. What are the prime factors 